ctors of m.
5, 11
Let u(a) = 14*a**2 + 3*a + 8. Let t(p) = -5*p**2 - p - 3. Let v(w) = -2*w - 1. Let b be v(-6). Let d(s) = b*t(s) + 4*u(s). List the prime factors of d(2).
5
Let v(d) = 0*d - 2*d**2 - 3 - 3*d + 5*d**2 - 2. What are the prime factors of v(-4)?
5, 11
Let t = 386 - 165. List the prime factors of t.
13, 17
Suppose -5*v + 101 + 99 = 3*u, -4*u = 3*v - 285. Suppose 2*t + s - 4*s = u, -5*s = -2*t + 85. Suppose -5*p + 35 = -t. What are the prime factors of p?
13
Suppose -3*z + 18 + 0 = 0. Suppose -z = -3*d + 27. What are the prime factors of d?
11
Let a(d) = d**2 + 9*d + 2. Let l be a(-7). Let c = l - -17. What are the prime factors of c?
5
Let b(d) = 12*d**3 + d. Suppose -2 = 3*p - 5. List the prime factors of b(p).
13
Let g = 109 + -81. List the prime factors of g.
2, 7
Suppose 83 + 97 = 4*f. List the prime factors of f.
3, 5
Let c = -8 + 10. Suppose 4*q = -20, 3*q = -4*v + c*v - 1. What are the prime factors of v?
7
Let v(i) = i**3 - 2*i**2 - i - 4. Suppose 0 = 4*j - 0*j - 12. What are the prime factors of v(j)?
2
Suppose -4*h = -3*w - 818, h - 269 = 5*w - 56. List the prime factors of h.
7, 29
List the prime factors of 36 + -2*1/(-2).
37
Suppose -6*h = -h + 155. Let w = -28 - h. What are the prime factors of w?
3
Let z(o) = -o**3 + 12*o**2 + 12*o + 14. Let k be z(13). Let w = k - -28. List the prime factors of w.
29
Suppose 9 = -w - 5*t, -5*w = -3*t - 13 - 26. Let d = w + 0. List the prime factors of d.
2, 3
Let p(l) = l**2 + 2*l + 1. Let m be p(5). Suppose -m = -4*v + 132. What are the prime factors of v?
2, 3, 7
Suppose -5*y + 2*y = -4*n - 9, -y = 4*n - 3. Suppose n = m + m + 28. What are the prime factors of m/3*(0 + -3)?
2, 7
Suppose 0 = -7*m + 9*m - 78. What are the prime factors of m?
3, 13
Let a(o) = -12*o**3 + 2*o**2 + o - 2. Let v be a(2). Let k = 131 + v. What are the prime factors of k?
43
Let a(s) be the second derivative of -s**4/12 + s**3 - s. Let b(t) = -t**2 - 13*t + 18. Let k be b(-14). List the prime factors of a(k).
2
Let u be (6/5)/((-3)/30). Let q = u - -17. What are the prime factors of q?
5
Let u = -2 - -18. Suppose 2*o - i = 23, -4*o - 3*i + u = -5. What are the prime factors of o?
3
Suppose -t + n = -2*t + 2, 0 = -2*n + 4. Suppose t*s + s = 12. List the prime factors of s.
2, 3
Suppose 2*y = -8, -2*a - 2*a = 3*y - 308. List the prime factors of a.
2, 5
Let a = -1 - -4. Suppose -4 = -a*h + 2. Let y = 4 + h. What are the prime factors of y?
2, 3
What are the prime factors of 12/4*110/3?
2, 5, 11
Let j(n) = -3*n + 19. Let c(r) = 5*r - 28. Let z(h) = 5*c(h) + 8*j(h). Let k = -28 - -19. What are the prime factors of z(k)?
3
Let m be (20/5)/(2/20). Let z = -69 + m. Let y = z + 45. List the prime factors of y.
2
Let o(i) be the second derivative of -i**3/2 - 4*i**2 - i. List the prime factors of o(-8).
2
Suppose a = 2*a - 2. Suppose -3*o + 10 = a*o. What are the prime factors of o?
2
Suppose u - 50 - 67 = -3*a, -5*a - 3*u + 199 = 0. What are the prime factors of a?
2, 19
Let t = 0 + 8. Suppose 3*s = 4*s + t. List the prime factors of (-6)/s - 90/(-8).
2, 3
Let a = 6 - 2. Suppose -l = o - 3, -3*o - a*l - 9 = -2*o. List the prime factors of o.
7
Let k be (-1)/((-1)/8*2). Suppose -k*q = -y - 0*q + 25, 2*y - 41 = 5*q. What are the prime factors of y?
13
Let r be 18/5*20/3. Suppose -2*x - r = -2*g, x = -2*g - 14 - 7. List the prime factors of (54/x)/((-3)/10).
2, 3
Suppose -2 = -2*r, -13 = -3*n - 6*r + 5*r. Suppose -5*d = 3*q - 140, -84 = -4*d + d - n*q. List the prime factors of d.
2, 7
Suppose 3*v - 495 = 3*l, 5*v + 4*l - 741 - 93 = 0. Suppose -26 = 4*y - v. What are the prime factors of y?
5, 7
Let x(y) = -y**3 - 6*y**2 + y + 7. Let g be 25/(-4) - (-6)/24. Let o be x(g). List the prime factors of (-11)/(-22)*22/o.
11
Let q = 15 - -11. Suppose -3 = -v, -5*f - 2*v = -0 - q. List the prime factors of f.
2
Let y(a) be the third derivative of a**4/12 - a**3/6 - 2*a**2. Let x be y(-1). What are the prime factors of 11/(-1*(2 + x))?
11
Let k be (0 - 1) + -8 + 12. Suppose -k*a = -45 + 12. Let c = a + -4. List the prime factors of c.
7
Suppose -18 = 3*m - 5*m. List the prime factors of ((-3)/(-2))/(m/66).
11
Suppose 4*b - 108 = -4*o, -o + 3*b = 6*b - 27. Let v = -15 + o. List the prime factors of v.
2, 3
Let d(h) be the third derivative of h**4/12 - h**2. Let n(b) = -b**3 + 5*b**2 - 5*b + 6. Let s be n(4). What are the prime factors of d(s)?
2
Let l(c) = c**3 + 5*c**2 - 8*c - 7. Let o be l(-6). Let q = o + 0. What are the prime factors of q?
5
Suppose -3*v = -0*v - 18. Suppose v*r = r + 45. What are the prime factors of r?
3
List the prime factors of 140/(-6)*(-22 + 19).
2, 5, 7
Suppose 5*v + 5*h - 88 - 82 = 0, 3*h = 0. List the prime factors of v.
2, 17
Let o = 70 - 10. Suppose 2*g + o = 7*g. List the prime factors of g.
2, 3
Let m(f) = -f**3 - 12*f**2 - 14*f - 14. List the prime factors of m(-11).
19
Let s(o) = -o**3 - 8*o**2 + o - 15. What are the prime factors of s(-9)?
3, 19
Let l(i) = 1. Let k(u) = u. Let m(z) = k(z) + 2*l(z). Let h be m(3). Suppose -h*j + 32 = 7. What are the prime factors of j?
5
Let l = -46 + 100. What are the prime factors of l?
2, 3
Suppose -m - 8 - 3 = -3*g, -g = 5*m - 9. List the prime factors of 12 + -2 + m + 2.
13
Let k(n) be the third derivative of -n**6/120 + n**5/12 + n**4/4 - 5*n**3/6 + 2*n**2. Let l be k(6). Let h(c) = -c + 7. List the prime factors of h(l).
2, 3
Let x(b) = b**3 - 6*b**2 + 5*b + 5. Let d be x(5). Suppose -t - d + 18 = 0. What are the prime factors of t?
13
Let s(c) = -4*c**3 + 2*c**2 + 2*c + 2. Let a(h) = h**3 - h**2. Let p(m) = 5*a(m) + s(m). List the prime factors of p(2).
2
Let z(f) = 2*f**2 - 2*f + 1. Let i be z(-4). Let y = 92 - i. What are the prime factors of y?
3, 17
Let z(v) = -v - 2*v + 7 - v**2 - 5*v. Let l(t) = t**2 - 11*t - 7. Let c be l(11). List the prime factors of z(c).
2, 7
Let a(g) = -g + 4. Let u be a(6). Let s be 4 + u + 1 + 17. Suppose h - 15 = -3*x, h = -h - x + s. What are the prime factors of h?
3
Suppose a = -14 + 152. What are the prime factors of a?
2, 3, 23
Let i(f) = f**3 + f**2 + f - 4. Let l be i(0). Let y = 7 + l. Suppose 4*c + 25 = x, 2*c = 2*x - y*c - 35. What are the prime factors of x?
5
Suppose -n - r = -2 + 5, 4*n - r + 2 = 0. Let b(m) = -17*m**3 - 2*m**2 - 2*m - 1. List the prime factors of b(n).
2
Let z(k) = 5*k - 9. Let x be z(8). Let w = -10 + x. List the prime factors of w.
3, 7
Let x(v) = 7*v - 5*v**3 + 2*v**3 - 2*v + 2*v**3 + 3*v**2. Let h be x(4). Suppose y + 0*y + 10 = -h*j, 5*j + 26 = y. What are the prime factors of y?
2, 3
Let j = 25 - 7. Suppose -3*p - 2*x = -4*x - 20, -2*x + 20 = 2*p. Let w = j - p. List the prime factors of w.
2, 5
Suppose -16 = -4*z + 48. Suppose 5*h - w - 134 = 0, 0 = -h + w + 14 + z. Suppose 0 = -4*q + 22 + h. What are the prime factors of q?
2, 3
Let t be (-88)/(-3)*24/16. Suppose -t = -5*n + n. List the prime factors of n.
11
Let o be (1 - -3) + 0/(-8). Suppose 4*n - 66 = -2*a, 2*n + 10 = o*n. What are the prime factors of a?
23
Let w(l) = -l**2 + l - 8. Let d be w(0). Let o = 19 + d. What are the prime factors of o?
11
Suppose -3*f + 4*f = 53. What are the prime factors of f?
53
Let v = 53 - 8. List the prime factors of v.
3, 5
Let o(a) = a - 1. Let d be o(4). Suppose 2*w - 3*w + d*q + 4 = 0, -66 = -4*w + 2*q. What are the prime factors of w?
19
Let l(h) = -h**3 - h**2 + 4*h. Let v be l(-5). Suppose 3*c + v = 7*c. List the prime factors of c.
2, 5
Let g(v) = -5*v**2 - 1. Let n be g(1). Let c(j) be the second derivative of j**4/12 + j**3 + 3*j**2 - j. List the prime factors of c(n).
2, 3
Suppose -4*v = -0*v - 104. What are the prime factors of v?
2, 13
Suppose 4*q + 7*c = 3*c + 40, 4*q = 4*c. Let v = 9 - q. Suppose -16 = -2*b - 2*s - v, -2*b + 5*s = 9. List the prime factors of b.
3
Let a = 108 + -76. What are the prime factors of a?
2
Suppose 5*q - y - 74 = -3*y, -5*q - y + 72 = 0. Suppose q = -v + 58. What are the prime factors of v?
2, 11
Suppose 0 = 2*k + 4. What are the prime factors of (3 + 0 + k)*18?
2, 3
Suppose -103 = -x - 4*c, -2*x - 13*c + 9*c = -218. List the prime factors of x.
5, 23
Let n be 12/(((-20)/22)/(-5)). Suppose -3*w + n = -0*w. List the prime factors of w.
2, 11
Let a(y) = 2*y + 2. Let k be a(-4). Let p(w) = -w - 3. What are the prime factors of p(k)?
3
Let w = -7 + 12